).
139
Let p(h) = 114*h**3 + 7*h**2 - 7*h + 1. Let f(d) = 171*d**3 + 10*d**2 - 10*d + 1. Let z(x) = -5*f(x) + 7*p(x). What are the prime factors of z(-1)?
3, 19
Let n be (496 + -4 - 1) + 1. Let j = n - 291. What are the prime factors of j?
3, 67
Suppose -5*a = -392 + 47. Let z = -49 - -2. Let y = z + a. List the prime factors of y.
2, 11
Suppose 0 = 4*m - 2361 + 153. Suppose r + 3*r + 3*k - 453 = 0, -k - m = -5*r. Suppose 3*i + 2*o - 5 = r, -28 = -i + 2*o. What are the prime factors of i?
2, 3
Let p(a) = a**2 + 12*a - 2. List the prime factors of p(-24).
2, 11, 13
Let x = -45 - -48. Let f be 1 - (0 + (1 - 2)). Suppose -f*o = x*p - 17, -o - 4 = o. What are the prime factors of p?
7
Suppose 5*g + 57 = 5*k + 142, k + 5*g + 5 = 0. Let q = -10 - k. Suppose 123 = q*t - 2*o, 0*o - 46 = -2*t + 4*o. List the prime factors of t.
5
Let p(v) be the second derivative of v**3/6 - v**2 - 7*v. Let q be p(5). Suppose q*k + 4*u - 152 = 0, 2*k + 2*u - 58 = 40. What are the prime factors of k?
2, 11
Let p = -93 + 828. List the prime factors of p.
3, 5, 7
Suppose d - 459 = -3*l - 3*d, -438 = -3*l + 3*d. Let p = -101 + l. List the prime factors of p.
2, 3
Suppose -48 = -0*i - 2*i. Suppose 2*c - 74 + i = 0. Suppose f + 3*b - 51 = 4*b, 5*b + c = 0. List the prime factors of f.
2, 23
Suppose -55445 = 42*u - 151331. What are the prime factors of u?
3, 761
Let o = 3 + -9. Suppose 4*q - q + 87 = 0. Let v = o - q. List the prime factors of v.
23
Suppose m + 3*m = 6*m. Suppose 5*p - 63 = -0*o - o, p + 2*o - 18 = m. List the prime factors of p.
2, 3
What are the prime factors of (-47540)/(-260) + 4/26?
3, 61
What are the prime factors of (-19)/((-57)/1362)*(0 - -2)?
2, 227
Let v(u) = 59*u**2 - 41*u + 3. List the prime factors of v(-2).
3, 107
Let x(d) = d**2 + 8*d + 11. Let o be x(-8). Suppose 6*v - o*v + 20 = 0. Suppose 0 = v*k - 6*k + 86. What are the prime factors of k?
43
Let a(z) = -6*z**3 - 3*z**2 - 8*z + 16. List the prime factors of a(-5).
17, 43
Suppose -80 - 10 = -6*q. Let d = 187 + q. What are the prime factors of d?
2, 101
Let o(g) = 98*g - 93. What are the prime factors of o(20)?
1867
Let m(r) = -r**2 - 11*r + 4. Suppose 0*g - 117 = -3*g. Suppose -4*o + g = 63. What are the prime factors of m(o)?
2, 17
Let b be (-1391)/(-7) - 8/(-28). Suppose 2*i = 5*u + b, 5*i - 8*u = -3*u + 490. Suppose 0 = 4*k, 5*d - i = -2*k + 88. List the prime factors of d.
37
Let d(p) = 23*p + 253. List the prime factors of d(-6).
5, 23
Let b(o) = 3*o**2 + 13*o + 11 - 2*o**2 - 2*o**2. Let p(r) = 6*r**2 - 66*r - 56. Let n(i) = 16*b(i) + 3*p(i). List the prime factors of n(-6).
2, 5
Let b(v) = v**2 + 10*v + 13. Let p be b(-11). Suppose -9 = -4*k + 7. Suppose 2*o = n - 29, -n - o - k = -p. List the prime factors of n.
23
Let k(c) = -2*c. Let l(s) = s**2 + 27*s - 1. Let y(o) = -k(o) - l(o). What are the prime factors of y(-14)?
5, 31
Suppose -2*b = 2*a - 48, -5*b - 25 = 3*a - 101. List the prime factors of 142/(-5)*(-55)/a.
71
Let c(k) = 6 + 3*k - 4*k**3 + 2*k**3 - 7*k**2 + 13*k + 0*k**3. What are the prime factors of c(-7)?
3, 79
Let l = -1604 - -2693. What are the prime factors of l?
3, 11
Let x(r) = r**2 - 6*r + 14. Suppose -w = -7*w + 60. What are the prime factors of x(w)?
2, 3
Let f = 1242 + -630. What are the prime factors of f?
2, 3, 17
Suppose 10*u + 50 = 5*u. Let p(n) = -7*n - 4. What are the prime factors of p(u)?
2, 3, 11
Suppose 2*c = -2*c. Suppose 600 = 3*r - c*r. Suppose 5*m - r = -0*m. What are the prime factors of m?
2, 5
Suppose 52*d + 4221 = 58665. List the prime factors of d.
3, 349
Let t(s) = -6*s**2 - 4*s + 27. Let q(x) = 13*x**2 + 7*x - 56. Let j(o) = -3*q(o) - 7*t(o). List the prime factors of j(-6).
3, 5
Let g(a) = a**3 - 10*a**2 - 9*a + 6. Let m be g(11). Let o = 4 - m. What are the prime factors of (0 - -2)/((-2)/o)?
2, 3
Suppose 38*s = 33*s + 5. Let r = 3 - s. Suppose 0 = r*u - u - 72. List the prime factors of u.
2, 3
Let a(l) = -l**3 + 11*l**2 - 13*l + 9. Let u be a(8). Suppose h - 48 - 11 = 0. Let m = u - h. What are the prime factors of m?
2, 19
Suppose 2*w + 12 = -30. Let x = 9 + -24. Let s = x - w. List the prime factors of s.
2, 3
Suppose 4*f = 5*o + 459, 0*o - 96 = o - 5*f. Let g = -45 - o. List the prime factors of g.
2, 23
Let k be (-21)/(5/5*-3). List the prime factors of -1 + 1 + -2 + k.
5
What are the prime factors of (-5)/50*-3 - 34494/(-20)?
3, 5, 23
Let k = -39 + 38. Let w be (1/1 - -3) + k. Suppose -27 = 2*n - 3*n + w*z, -4*n - 5*z + 159 = 0. List the prime factors of n.
2, 3
Let z be (3/(18/8))/((-1)/72). Let m = z + 190. List the prime factors of m.
2, 47
Suppose -5*y + y - 2 = -2*j, -31 = -5*j - 3*y. Let c be (j/(-2))/((-4)/(-144)). List the prime factors of (c/(-12))/((-1)/(-8)).
2, 3, 5
Let v(r) = 18*r**2 - 3*r - 1. Let y be v(-2). What are the prime factors of 4*4/(16/y)?
7, 11
Let s = 9 - 7. Suppose s*j - 6 = -j. Suppose -j*p + 5*b + 67 = 0, 0 = -6*p + p - 3*b + 152. List the prime factors of p.
31
Suppose -a = 39 - 39. Suppose a = 17*m - 9*m - 120. List the prime factors of m.
3, 5
Suppose 0 = -2*y + v + 532, -10*y + 2*v = -12*y + 538. What are the prime factors of y?
3, 89
Let u = -1269 - -1652. List the prime factors of u.
383
What are the prime factors of -26*30/(-16)*(8 - 4)?
3, 5, 13
Let l = -37 + 64. Let x be 0 - (-4)/(-2)*-25. Let w = x - l. List the prime factors of w.
23
List the prime factors of 24/9*222/4.
2, 37
Suppose 7*k - 15 = 2*k. Let z(y) = 4*y**2 - 5*y + 3. Let g be z(k). Suppose 3*u - 5*u + g = 0. List the prime factors of u.
2, 3
List the prime factors of (369 + -3)/(0 - -2).
3, 61
Let n(a) = -a**2 - 16*a - 6. Suppose 4*h = 5*g + 45, 2 = 2*g + 3*h + 20. List the prime factors of n(g).
3, 19
List the prime factors of -49*-1*(-1 - -4).
3, 7
Suppose -2*k = -4*v + 9 + 9, 4*k + 28 = 4*v. Suppose v*b = 3*b - 12. Let g = b + -8. List the prime factors of g.
2
Let w = 16 + -36. Let b = 70 + w. List the prime factors of b.
2, 5
Let a(i) = 4 - 3 - i + 12*i. Suppose -130 = -10*o - 16*o. What are the prime factors of a(o)?
2, 7
Suppose -15 = -2*u - 4*z - 3, 6 = u - 2*z. Let g be (u/10)/(1/135). Suppose g = 5*b + 26. List the prime factors of b.
11
Let b(z) be the third derivative of -z**5/60 + 7*z**4/12 + 5*z**3/3 + z**2. Let a be 14/(-1)*4/20*-5. What are the prime factors of b(a)?
2, 5
Let d(s) = s**2 + 7*s + 7. Let y be d(-6). What are the prime factors of y/8 + (-1230)/(-16)?
7, 11
Let u(d) = -5*d + 10. Let y(f) = f**2 - 6*f - 9. Let s be y(8). Let b be u(s). Let l = 1 - b. What are the prime factors of l?
2, 13
Suppose -6 = 3*v - 2*v. Let q = v + 17. List the prime factors of q.
11
Suppose -2*c + 3*y = 2*y + 14, -2*c + 3*y - 6 = 0. Let r(n) = -4*n - 1 - 2 - 3. List the prime factors of r(c).
2, 3, 5
Suppose 320 = 4*a + a. List the prime factors of (a + 1)/(7 - 6).
5, 13
What are the prime factors of (-11 - -9)/(-2)*(-2 - -2001)?
1999
List the prime factors of ((-9)/(-36))/(2/9608).
1201
Let u = -86 + 432. What are the prime factors of u?
2, 173
Let r = 2871 - 1185. List the prime factors of r.
2, 3, 281
Let x(l) = 3 - 6*l + l**2 + 4*l + 0*l. Let z be x(0). Suppose -5*w + 0*r + 49 = r, -z*r + 47 = 5*w. List the prime factors of w.
2, 5
Suppose -354 = -252*n + 249*n. Suppose -1170 = -4*f + n. List the prime factors of f.
2, 7, 23
Let s(n) = -8*n - 2. Let a be s(-2). Let k be ((-1)/(1/(-6)))/(-2)*1. Let p = a + k. List the prime factors of p.
11
Let u(v) = 37*v**2 - 5*v - 5. Let y be u(-3). Suppose 2*x + 5*k - y = 0, 4*x - 3*k = -0*k + 647. What are the prime factors of x?
2, 41
Let x(q) = -112*q - 12. What are the prime factors of x(-5)?
2, 137
Suppose -64 = 5*v - 244. Suppose c - 5*c = -v. List the prime factors of 1/(c/(-15))*-3.
5
What are the prime factors of (-6)/27 + (-2610)/(-81)?
2
Let q(g) = 53*g**3 - 2*g**2 - 4*g + 7. Let f(x) = 27*x**3 - x**2 - 2*x + 3. Let c(y) = -9*f(y) + 4*q(y). List the prime factors of c(-1).
31
Let f = -79 + 136. Let h be (0 - -2)*3 - 2. Suppose -f + 13 = -h*b. List the prime factors of b.
11
Let c(g) = -535*g + 6. List the prime factors of c(-3).
3, 179
Let w = -57 + 53. Let y(q) = q**3 + 7*q**2 + 3*q - 8. What are the prime factors of y(w)?
2, 7
Suppose -3*s - 2*s = -15. Suppose 0*i - 4*o + 16 = -s*i, 5*o = 5*i + 20. Suppose 4*q = 3*t - 32, i = -3*t + 6*q - q + 37. What are the prime fact